{"id":135,"date":"2023-02-08T13:59:21","date_gmt":"2023-02-08T12:59:21","guid":{"rendered":"https:\/\/cibc-douai.fr\/?page_id=135"},"modified":"2023-03-23T14:52:13","modified_gmt":"2023-03-23T13:52:13","slug":"nos-engagements","status":"publish","type":"page","link":"https:\/\/cibc-douai.fr\/index.php\/nos-engagements\/","title":{"rendered":"NOS ENGAGEMENTS"},"content":{"rendered":"\n<h2 class=\"has-custom-couleur-2-color has-text-color wp-block-heading\">Le CIBC, engag\u00e9 pour vous <\/h2>\n\n\n\n<blockquote class=\"wp-block-quote is-layout-flow wp-block-quote-is-layout-flow\">\n<p>Par circulaire, l\u2019Etat a identifi\u00e9 le r\u00e9seau des CIBC comme \u00e9tant \u00ab <strong>un r\u00e9seau de r\u00e9f\u00e9rence pour l\u2019ensemble des financeurs, prescripteurs, usagers et prestataires de bilan de comp\u00e9tences<\/strong> \u00bb, ajoutant que les CIBC assurent de ce fait, une <strong>mission de service public<\/strong> en mati\u00e8re de d\u00e9veloppement de la qualit\u00e9 de l\u2019offre de bilan de comp\u00e9tences<\/p>\n<\/blockquote>\n\n\n\n<p>Les CIBC sont engag\u00e9s dans une d\u00e9marche <strong>qualit\u00e9<\/strong> visant \u00e0 harmoniser leurs pratiques et <strong>garantir un professionnalisme<\/strong> homog\u00e8ne sur l&#8217;ensemble du territoire national. <\/p>\n\n\n\n<p>Les engagements de valeurs des CIBC sont bas\u00e9s sur l&#8217;<strong>impartialit\u00e9<\/strong>, la<strong> transparence<\/strong>, <strong>l&#8217;int\u00e9grit\u00e9<\/strong>, la <strong>qualit\u00e9<\/strong> humaine de ses \u00e9quipes et leur <strong>proximit\u00e9<\/strong>. Le label qualit\u00e9 CIBC <strong>garantit le service rendu<\/strong> dans le cadre d&#8217;une approche &#8220;client&#8221; au sens large, en offrant une <strong>neutralit\u00e9 <\/strong>et une <strong>d\u00e9ontologie<\/strong> irr\u00e9prochables. <\/p>\n\n\n\n<p class=\"has-link-color wp-elements-b678a4f7cd7eb50f9a1b2da0c799c65b\">A plus forte raison, le <strong>CIBC Douai &#8211; Cambrai<\/strong>, rattach\u00e9 au centre de formation <a href=\"http:\/\/www.crefo.fr\">CREFO<\/a> fait<strong> <\/strong>preuve de <strong>professionnalisme<\/strong>, d&#8217;<strong>adaptabilit\u00e9<\/strong> et <strong>personnalise<\/strong> les prestations. A travers une offre de service <strong>riche<\/strong> et <strong>vari\u00e9e<\/strong>, <strong>adapt\u00e9e<\/strong> \u00e0 tous les profils, du <strong>jeune<\/strong> en recherche d&#8217;orientation \u00e0 <strong>l&#8217;adulte en reconversion<\/strong> ou aupr\u00e8s des <strong>demandeurs d&#8217;emploi<\/strong>, des modules et parcours <strong>d\u00e9di\u00e9s<\/strong> sont <strong>accessibles <\/strong>\u00e0 tous. <\/p>\n\n\n\n<hr class=\"wp-block-separator has-alpha-channel-opacity\"\/>\n\n\n\n<p class=\"has-link-color wp-elements-6fa6b367890a046705f7ce64e9d57bb5\">Une question, un besoin ou pour une prise de rendez-vous, <a href=\"https:\/\/cibc-douai.fr\/index.php\/contact-2\/\" data-type=\"page\" data-id=\"91\">contactez-nous<\/a>. <\/p>\n\n\n\n<hr class=\"wp-block-separator has-alpha-channel-opacity\"\/>\n\n\n\n<blockquote class=\"wp-block-quote is-layout-flow wp-block-quote-is-layout-flow\">\n<p class=\"has-link-color wp-elements-484e54feda13dc41fa7c8c94559620ed\">J\u2019\u00e9tais chef de chantier dans le b\u00e2timent, et suite \u00e0 des probl\u00e8mes de sant\u00e9, j\u2019ai du me reconvertir vers un autre m\u00e9tier. Le <a href=\"https:\/\/cibc-douai.fr\/index.php\/bilan-de-competences\/\" data-type=\"page\" data-id=\"143\">bilan de comp\u00e9tences<\/a> m\u2019a permis de rebondir professionnellement, en m\u2019orientant vers le m\u00e9tier de dessinateur en bureau d\u2019\u00e9tudes.<\/p>\n<\/blockquote>\n\n\n\n<div style=\"height:24px\" aria-hidden=\"true\" class=\"wp-block-spacer\"><\/div>\n\n\n\n<div class=\"wp-block-columns is-layout-flex wp-container-core-columns-is-layout-28f84493 wp-block-columns-is-layout-flex\">\n<div class=\"wp-block-column is-layout-flow wp-block-column-is-layout-flow\" style=\"flex-basis:33.33%\">\n<figure class=\"wp-block-image aligncenter size-full is-resized\"><img loading=\"lazy\" decoding=\"async\" src=\"http:\/\/cibc-douai.fr\/wp-content\/uploads\/2023\/02\/Logo-CIBC-Douai.png\" alt=\"\" class=\"wp-image-112\" width=\"193\" height=\"170\" srcset=\"https:\/\/cibc-douai.fr\/wp-content\/uploads\/2023\/02\/Logo-CIBC-Douai.png 655w, https:\/\/cibc-douai.fr\/wp-content\/uploads\/2023\/02\/Logo-CIBC-Douai-300x265.png 300w\" sizes=\"auto, (max-width: 193px) 100vw, 193px\" \/><\/figure>\n<\/div>\n\n\n\n<div class=\"wp-block-column is-layout-flow wp-block-column-is-layout-flow\" style=\"flex-basis:66.66%\">\n<figure class=\"wp-block-image aligncenter size-full\"><img loading=\"lazy\" decoding=\"async\" width=\"651\" height=\"266\" src=\"http:\/\/cibc-douai.fr\/wp-content\/uploads\/2023\/02\/WEB_logos-qualite-cibc-2022-BC-VAE-1.png\" alt=\"\" class=\"wp-image-282\" srcset=\"https:\/\/cibc-douai.fr\/wp-content\/uploads\/2023\/02\/WEB_logos-qualite-cibc-2022-BC-VAE-1.png 651w, https:\/\/cibc-douai.fr\/wp-content\/uploads\/2023\/02\/WEB_logos-qualite-cibc-2022-BC-VAE-1-300x123.png 300w\" sizes=\"auto, (max-width: 651px) 100vw, 651px\" \/><\/figure>\n<\/div>\n<\/div>\n","protected":false},"excerpt":{"rendered":"<p>Le CIBC, engag\u00e9 pour vous Par circulaire, l\u2019Etat a identifi\u00e9 le r\u00e9seau des CIBC comme [&hellip;]<\/p>\n","protected":false},"author":1,"featured_media":0,"parent":0,"menu_order":0,"comment_status":"closed","ping_status":"closed","template":"","meta":{"footnotes":""},"class_list":["post-135","page","type-page","status-publish","hentry"],"_links":{"self":[{"href":"https:\/\/cibc-douai.fr\/index.php\/wp-json\/wp\/v2\/pages\/135","targetHints":{"allow":["GET"]}}],"collection":[{"href":"https:\/\/cibc-douai.fr\/index.php\/wp-json\/wp\/v2\/pages"}],"about":[{"href":"https:\/\/cibc-douai.fr\/index.php\/wp-json\/wp\/v2\/types\/page"}],"author":[{"embeddable":true,"href":"https:\/\/cibc-douai.fr\/index.php\/wp-json\/wp\/v2\/users\/1"}],"replies":[{"embeddable":true,"href":"https:\/\/cibc-douai.fr\/index.php\/wp-json\/wp\/v2\/comments?post=135"}],"version-history":[{"count":20,"href":"https:\/\/cibc-douai.fr\/index.php\/wp-json\/wp\/v2\/pages\/135\/revisions"}],"predecessor-version":[{"id":511,"href":"https:\/\/cibc-douai.fr\/index.php\/wp-json\/wp\/v2\/pages\/135\/revisions\/511"}],"wp:attachment":[{"href":"https:\/\/cibc-douai.fr\/index.php\/wp-json\/wp\/v2\/media?parent=135"}],"curies":[{"name":"wp","href":"https:\/\/api.w.org\/{rel}","templated":true}]}}