{"id":154,"date":"2023-02-08T15:43:30","date_gmt":"2023-02-08T14:43:30","guid":{"rendered":"https:\/\/cibc-douai.fr\/?page_id=154"},"modified":"2023-03-01T15:48:28","modified_gmt":"2023-03-01T14:48:28","slug":"mission-dingenierie","status":"publish","type":"page","link":"https:\/\/cibc-douai.fr\/index.php\/mission-dingenierie\/","title":{"rendered":"CONSEIL EN \u00c9VOLUTION PROFESSIONNELLE"},"content":{"rendered":"\n<h2 class=\"has-custom-couleur-2-color has-text-color wp-block-heading\">CONSEIL EN EVOLUTION PROFESSIONNELLE<\/h2>\n\n\n\n<h3 class=\"has-custom-couleur-1-color has-text-color wp-block-heading\">Vous \u00eates salari\u00e9 ou ind\u00e9pendant ? <br>Nous construisons votre avenir professionnel avec vous !<\/h3>\n\n\n\n<p>Le <strong>conseil en \u00e9volution professionnelle<\/strong> vous permet :<\/p>\n\n\n\n<ul class=\"wp-block-list\">\n<li>D&#8217;avoir un temps pour vous, pour parler de vos envies et clarifier vos besoins<\/li>\n\n\n\n<li>D&#8217;avoir un espace pour parler formation, comp\u00e9tences et certifications professionnelles<\/li>\n\n\n\n<li>D&#8217;avoir l&#8217;occasion d&#8217;\u00e9voquer la mobilit\u00e9 ou la reconversion professionnelle, la cr\u00e9ation \/ reprise d&#8217;entreprise<\/li>\n\n\n\n<li>De vous apporter des r\u00e9ponses \u00e0 la diversit\u00e9 de vos besoins<\/li>\n\n\n\n<li>De co construire votre projet avec le conseiller qui vous accompagne tout au long de sa mise en oeuvre<\/li>\n<\/ul>\n\n\n\n<p><strong>C&#8217;est un service gratuit, que vous pouvez solliciter \u00e0 tout moment de votre carri\u00e8re.&nbsp;<\/strong><\/p>\n\n\n\n<p>B\u00e9n\u00e9ficiez d&#8217;un accompagnement individualis\u00e9 et personnalis\u00e9 pour l&#8217;\u00e9laboration et la mise en oeuvre de votre projet.<\/p>\n\n\n\n<p class=\"has-link-color wp-elements-e3bb5b819d5f40425f12a762dd970edf\"><span style=\"text-decoration: underline;\">Pour nous rencontrer, rien de plus simple :<\/span> <br>nos charg\u00e9s d&#8217;information vous r\u00e9pondent au <strong>09 72 01 02 03<\/strong> (num\u00e9ro unique, non surtax\u00e9) du lundi au vendredi de 08h \u00e0 19h et le samedi de 09h \u00e0 12h. <a href=\"https:\/\/www.infocep.fr\/\">En savoir plus<\/a><\/p>\n\n\n\n<figure class=\"wp-block-image aligncenter size-large\"><img loading=\"lazy\" decoding=\"async\" width=\"1024\" height=\"417\" src=\"https:\/\/cibc-douai.fr\/wp-content\/uploads\/2023\/03\/CEP-logo-1024x417.png\" alt=\"\" class=\"wp-image-358\" srcset=\"https:\/\/cibc-douai.fr\/wp-content\/uploads\/2023\/03\/CEP-logo-1024x417.png 1024w, https:\/\/cibc-douai.fr\/wp-content\/uploads\/2023\/03\/CEP-logo-300x122.png 300w, https:\/\/cibc-douai.fr\/wp-content\/uploads\/2023\/03\/CEP-logo-768x312.png 768w, https:\/\/cibc-douai.fr\/wp-content\/uploads\/2023\/03\/CEP-logo-1536x625.png 1536w, https:\/\/cibc-douai.fr\/wp-content\/uploads\/2023\/03\/CEP-logo.png 1770w\" sizes=\"auto, (max-width: 1024px) 100vw, 1024px\" \/><\/figure>\n","protected":false},"excerpt":{"rendered":"<p>CONSEIL EN EVOLUTION PROFESSIONNELLE Vous \u00eates salari\u00e9 ou ind\u00e9pendant ? Nous construisons votre avenir professionnel [&hellip;]<\/p>\n","protected":false},"author":1,"featured_media":0,"parent":0,"menu_order":0,"comment_status":"closed","ping_status":"closed","template":"","meta":{"footnotes":""},"class_list":["post-154","page","type-page","status-publish","hentry"],"_links":{"self":[{"href":"https:\/\/cibc-douai.fr\/index.php\/wp-json\/wp\/v2\/pages\/154","targetHints":{"allow":["GET"]}}],"collection":[{"href":"https:\/\/cibc-douai.fr\/index.php\/wp-json\/wp\/v2\/pages"}],"about":[{"href":"https:\/\/cibc-douai.fr\/index.php\/wp-json\/wp\/v2\/types\/page"}],"author":[{"embeddable":true,"href":"https:\/\/cibc-douai.fr\/index.php\/wp-json\/wp\/v2\/users\/1"}],"replies":[{"embeddable":true,"href":"https:\/\/cibc-douai.fr\/index.php\/wp-json\/wp\/v2\/comments?post=154"}],"version-history":[{"count":12,"href":"https:\/\/cibc-douai.fr\/index.php\/wp-json\/wp\/v2\/pages\/154\/revisions"}],"predecessor-version":[{"id":362,"href":"https:\/\/cibc-douai.fr\/index.php\/wp-json\/wp\/v2\/pages\/154\/revisions\/362"}],"wp:attachment":[{"href":"https:\/\/cibc-douai.fr\/index.php\/wp-json\/wp\/v2\/media?parent=154"}],"curies":[{"name":"wp","href":"https:\/\/api.w.org\/{rel}","templated":true}]}}